{"id":225,"date":"2025-11-14T18:22:58","date_gmt":"2025-11-14T18:22:58","guid":{"rendered":"https:\/\/taichicambre.es\/?page_id=225"},"modified":"2025-11-19T09:27:56","modified_gmt":"2025-11-19T09:27:56","slug":"quien-somos","status":"publish","type":"page","link":"https:\/\/taichicambre.es\/index.php\/quien-somos","title":{"rendered":"Quien somos"},"content":{"rendered":"\n<div class=\"wp-block-media-text is-stacked-on-mobile is-image-fill-element\"><figure class=\"wp-block-media-text__media\"><img loading=\"lazy\" decoding=\"async\" width=\"500\" height=\"308\" src=\"https:\/\/taichicambre.es\/wp-content\/uploads\/2025\/11\/Jose-Fernandez-Otero-2-2-e1730977929125.jpg\" alt=\"\" class=\"wp-image-226 size-full\" style=\"object-position:41% 14%\" srcset=\"https:\/\/taichicambre.es\/wp-content\/uploads\/2025\/11\/Jose-Fernandez-Otero-2-2-e1730977929125.jpg 500w, https:\/\/taichicambre.es\/wp-content\/uploads\/2025\/11\/Jose-Fernandez-Otero-2-2-e1730977929125-300x185.jpg 300w\" sizes=\"auto, (max-width: 500px) 100vw, 500px\" \/><\/figure><div class=\"wp-block-media-text__content\">\n<p class=\"has-black-color has-text-color has-link-color wp-elements-87365d1ea1825eb881c6c84876eaf3c0 wp-block-paragraph\"><strong>Soy Jos\u00e9 Fern\u00e1ndez Otero, director de la Escola Tsun Kuen de Cambre<\/strong><\/p>\n\n\n\n<p class=\"has-black-color has-text-color has-link-color wp-elements-506ce477f973fa713911fc198f3a48d4 wp-block-paragraph\"><strong>Profesor con m\u00e1s de 30 a\u00f1os de experiencia en Tai Chi Chuan<\/strong><\/p>\n\n\n\n<p class=\"has-black-color has-text-color has-link-color wp-elements-0cbe7ad036f72dc6fb67ca8c5a910cd4 wp-block-paragraph\">Nuestra escuela gallega, fundada en Cambre en 2011, se dedica a la ense\u00f1anza de artes marciales y actividades saludables. Conoc\u00ed al maestro Fernando Chedel en el a\u00f1o 2008, y desde entonces he promocionado esta escuela con pasi\u00f3n y dedicaci\u00f3n.<\/p>\n\n\n\n<p class=\"has-black-color has-text-color has-link-color wp-elements-229376209c20a57a42d157e58e5d4614 wp-block-paragraph\"><strong>Nuestra misi\u00f3n<\/strong> es proporcionar una formaci\u00f3n integral en artes marciales, promoviendo el bienestar f\u00edsico y mental de nuestros alumnos.<\/p>\n\n\n\n<p class=\"has-black-color has-text-color has-link-color wp-elements-62a3b016e3b6bc7a34e011b3b4a5e807 wp-block-paragraph\"><strong>Direcci\u00f3n actual<\/strong>: <a href=\"https:\/\/www.google.com\/search?client=firefox-b-d&amp;q=R%C3%BAa+Curros+Enr%C3%ADquez%2C+25%2C+15679+Cambre%2C+A+Coru%C3%B1a\" target=\"_blank\" rel=\"noreferrer noopener nofollow\">R\u00faa Curros Enr\u00edquez, 25, 15679 Cambre, A Coru\u00f1a<\/a><\/p>\n\n\n\n<p class=\"has-black-color has-text-color has-link-color wp-elements-ef1c3fbfa4a037977c17e4326c0f2e0b wp-block-paragraph\"><strong>\u00a1Te esperamos!<\/strong><\/p>\n<\/div><\/div>\n\n\n\n<p class=\"wp-block-paragraph\"><\/p>\n","protected":false},"excerpt":{"rendered":"<p>Soy Jos\u00e9 Fern\u00e1ndez Otero, director de la Escola Tsun Kuen de Cambre Profesor con m\u00e1s de 30 a\u00f1os de experiencia en Tai Chi Chuan Nuestra [&hellip;]<\/p>\n","protected":false},"author":1,"featured_media":425,"parent":0,"menu_order":0,"comment_status":"closed","ping_status":"closed","template":"","meta":{"_coblocks_attr":"","_coblocks_dimensions":"","_coblocks_responsive_height":"","_coblocks_accordion_ie_support":"","_crdt_document":"","_uag_custom_page_level_css":"","_monsterinsights_skip_tracking":false,"_monsterinsights_sitenote_active":false,"_monsterinsights_sitenote_note":"","_monsterinsights_sitenote_category":0,"_EventAllDay":false,"_EventTimezone":"","_EventStartDate":"","_EventEndDate":"","_EventStartDateUTC":"","_EventEndDateUTC":"","_EventShowMap":false,"_EventShowMapLink":false,"_EventURL":"","_EventCost":"","_EventCostDescription":"","_EventCurrencySymbol":"","_EventCurrencyCode":"","_EventCurrencyPosition":"","_EventDateTimeSeparator":"","_EventTimeRangeSeparator":"","_EventOrganizerID":[],"_EventVenueID":[],"_OrganizerEmail":"","_OrganizerPhone":"","_OrganizerWebsite":"","_VenueAddress":"","_VenueCity":"","_VenueCountry":"","_VenueProvince":"","_VenueState":"","_VenueZip":"","_VenuePhone":"","_VenueURL":"","_VenueStateProvince":"","_VenueLat":"","_VenueLng":"","_VenueShowMap":false,"_VenueShowMapLink":false,"yasr_overall_rating":0,"yasr_post_is_review":"yes","yasr_auto_insert_disabled":"","yasr_review_type":"Organization","footnotes":""},"class_list":["post-225","page","type-page","status-publish","has-post-thumbnail","hentry"],"yoast_head":"<!-- This site is optimized with the Yoast SEO plugin v27.4 - https:\/\/yoast.com\/product\/yoast-seo-wordpress\/ -->\r\n<title>Quien somos - Ma Tsun Kuen Cambre<\/title>\r\n<meta name=\"description\" content=\"Fundada en Cambre en 2008, se dedica a la ense\u00f1anza del Tai Chi Chuan. Conoc\u00ed al Maestro Fernando Chedel en el a\u00f1o 2008.\" \/>\r\n<meta name=\"robots\" content=\"index, follow, max-snippet:-1, max-image-preview:large, max-video-preview:-1\" \/>\r\n<link rel=\"canonical\" href=\"https:\/\/taichicambre.es\/index.php\/quien-somos\" \/>\r\n<meta property=\"og:locale\" content=\"es_ES\" \/>\r\n<meta property=\"og:type\" content=\"article\" \/>\r\n<meta property=\"og:title\" content=\"director de la Escola Tsun Kuen de Cambre\" \/>\r\n<meta property=\"og:description\" content=\"Nuestra escuela gallega, fundada en Cambre en 2011, se dedica a la ense\u00f1anza de artes marciales y actividades saludables. Conoc\u00ed al maestro Fernando Chedel en el a\u00f1o 2008, y desde entonces he promocionado esta escuela con pasi\u00f3n y dedicaci\u00f3n.\" \/>\r\n<meta property=\"og:url\" content=\"https:\/\/taichicambre.es\/index.php\/quien-somos\" \/>\r\n<meta property=\"og:site_name\" content=\"Ma Tsun Kuen Cambre\" \/>\r\n<meta property=\"article:publisher\" content=\"https:\/\/www.facebook.com\/Taijiquangalicia\" \/>\r\n<meta property=\"article:modified_time\" content=\"2025-11-19T09:27:56+00:00\" \/>\r\n<meta property=\"og:image\" content=\"https:\/\/taichicambre.es\/wp-content\/uploads\/2025\/11\/Jose-Fernandez-Otero-2-2-e1730977929125.jpg\" \/>\r\n\t<meta property=\"og:image:width\" content=\"500\" \/>\r\n\t<meta property=\"og:image:height\" content=\"308\" \/>\r\n\t<meta property=\"og:image:type\" content=\"image\/jpeg\" \/>\r\n<meta name=\"twitter:card\" content=\"summary_large_image\" \/>\r\n<meta name=\"twitter:site\" content=\"@kuen_tsun1\" \/>\r\n<meta name=\"twitter:label1\" content=\"Tiempo de lectura\" \/>\n\t<meta name=\"twitter:data1\" content=\"1 minuto\" \/>\r\n<script type=\"application\/ld+json\" class=\"yoast-schema-graph\">{\"@context\":\"https:\\\/\\\/schema.org\",\"@graph\":[{\"@type\":\"WebPage\",\"@id\":\"https:\\\/\\\/taichicambre.es\\\/index.php\\\/quien-somos\",\"url\":\"https:\\\/\\\/taichicambre.es\\\/index.php\\\/quien-somos\",\"name\":\"Quien somos - Ma Tsun Kuen Cambre\",\"isPartOf\":{\"@id\":\"https:\\\/\\\/taichicambre.es\\\/#website\"},\"primaryImageOfPage\":{\"@id\":\"https:\\\/\\\/taichicambre.es\\\/index.php\\\/quien-somos#primaryimage\"},\"image\":{\"@id\":\"https:\\\/\\\/taichicambre.es\\\/index.php\\\/quien-somos#primaryimage\"},\"thumbnailUrl\":\"https:\\\/\\\/taichicambre.es\\\/wp-content\\\/uploads\\\/2025\\\/11\\\/escuela-de-Cambre25-scaled-e1728254793140.jpg\",\"datePublished\":\"2025-11-14T18:22:58+00:00\",\"dateModified\":\"2025-11-19T09:27:56+00:00\",\"description\":\"Fundada en Cambre en 2008, se dedica a la ense\u00f1anza del Tai Chi Chuan. Conoc\u00ed al Maestro Fernando Chedel en el a\u00f1o 2008.\",\"breadcrumb\":{\"@id\":\"https:\\\/\\\/taichicambre.es\\\/index.php\\\/quien-somos#breadcrumb\"},\"inLanguage\":\"es\",\"potentialAction\":[{\"@type\":\"ReadAction\",\"target\":[\"https:\\\/\\\/taichicambre.es\\\/index.php\\\/quien-somos\"]}]},{\"@type\":\"ImageObject\",\"inLanguage\":\"es\",\"@id\":\"https:\\\/\\\/taichicambre.es\\\/index.php\\\/quien-somos#primaryimage\",\"url\":\"https:\\\/\\\/taichicambre.es\\\/wp-content\\\/uploads\\\/2025\\\/11\\\/escuela-de-Cambre25-scaled-e1728254793140.jpg\",\"contentUrl\":\"https:\\\/\\\/taichicambre.es\\\/wp-content\\\/uploads\\\/2025\\\/11\\\/escuela-de-Cambre25-scaled-e1728254793140.jpg\",\"width\":2560,\"height\":960},{\"@type\":\"BreadcrumbList\",\"@id\":\"https:\\\/\\\/taichicambre.es\\\/index.php\\\/quien-somos#breadcrumb\",\"itemListElement\":[{\"@type\":\"ListItem\",\"position\":1,\"name\":\"Portada\",\"item\":\"https:\\\/\\\/taichicambre.es\\\/\"},{\"@type\":\"ListItem\",\"position\":2,\"name\":\"Quien somos\"}]},{\"@type\":\"WebSite\",\"@id\":\"https:\\\/\\\/taichicambre.es\\\/#website\",\"url\":\"https:\\\/\\\/taichicambre.es\\\/\",\"name\":\"Ma Tsun Kuen Cambre\",\"description\":\"Centro de artes marciales y actividades saludables\",\"publisher\":{\"@id\":\"https:\\\/\\\/taichicambre.es\\\/#organization\"},\"potentialAction\":[{\"@type\":\"SearchAction\",\"target\":{\"@type\":\"EntryPoint\",\"urlTemplate\":\"https:\\\/\\\/taichicambre.es\\\/?s={search_term_string}\"},\"query-input\":{\"@type\":\"PropertyValueSpecification\",\"valueRequired\":true,\"valueName\":\"search_term_string\"}}],\"inLanguage\":\"es\"},{\"@type\":\"Organization\",\"@id\":\"https:\\\/\\\/taichicambre.es\\\/#organization\",\"name\":\"Ma Tsun Kuen Cambre\",\"url\":\"https:\\\/\\\/taichicambre.es\\\/\",\"logo\":{\"@type\":\"ImageObject\",\"inLanguage\":\"es\",\"@id\":\"https:\\\/\\\/taichicambre.es\\\/#\\\/schema\\\/logo\\\/image\\\/\",\"url\":\"https:\\\/\\\/taichicambre.es\\\/wp-content\\\/uploads\\\/2025\\\/11\\\/cropped-negrologo.png\",\"contentUrl\":\"https:\\\/\\\/taichicambre.es\\\/wp-content\\\/uploads\\\/2025\\\/11\\\/cropped-negrologo.png\",\"width\":87,\"height\":86,\"caption\":\"Ma Tsun Kuen Cambre\"},\"image\":{\"@id\":\"https:\\\/\\\/taichicambre.es\\\/#\\\/schema\\\/logo\\\/image\\\/\"},\"sameAs\":[\"https:\\\/\\\/www.facebook.com\\\/Taijiquangalicia\",\"https:\\\/\\\/x.com\\\/kuen_tsun1\",\"https:\\\/\\\/www.instagram.com\\\/jfernandezotero\\\/?fbclid=IwY2xjawOKWkNleHRuA2FlbQIxMQBicmlkETA4RGpHakpGemZsVWNNTGw1c3J0YwZhcHBfaWQBMAABHk-OeA5mILlVHDBvN6Rirli8xpKJat1hAXjVUyd-vseltnbZfLgNC_4YqkTD_aem_WZtVD_hHFRUBURN9oC6hHw\"]},{\"@context\":\"https:\\\/\\\/schema.org\\\/\",\"@type\":\"Organization\",\"name\":\"Quien somos\",\"description\":\"\",\"image\":{\"@type\":\"ImageObject\",\"url\":\"https:\\\/\\\/taichicambre.es\\\/wp-content\\\/uploads\\\/2025\\\/11\\\/escuela-de-Cambre25-scaled-e1728254793140.jpg\",\"width\":2560,\"height\":960},\"aggregateRating\":false}]}<\/script>\r\n<!-- \/ Yoast SEO plugin. -->","yoast_head_json":{"title":"Quien somos - Ma Tsun Kuen Cambre","description":"Fundada en Cambre en 2008, se dedica a la ense\u00f1anza del Tai Chi Chuan. Conoc\u00ed al Maestro Fernando Chedel en el a\u00f1o 2008.","robots":{"index":"index","follow":"follow","max-snippet":"max-snippet:-1","max-image-preview":"max-image-preview:large","max-video-preview":"max-video-preview:-1"},"canonical":"https:\/\/taichicambre.es\/index.php\/quien-somos","og_locale":"es_ES","og_type":"article","og_title":"director de la Escola Tsun Kuen de Cambre","og_description":"Nuestra escuela gallega, fundada en Cambre en 2011, se dedica a la ense\u00f1anza de artes marciales y actividades saludables. Conoc\u00ed al maestro Fernando Chedel en el a\u00f1o 2008, y desde entonces he promocionado esta escuela con pasi\u00f3n y dedicaci\u00f3n.","og_url":"https:\/\/taichicambre.es\/index.php\/quien-somos","og_site_name":"Ma Tsun Kuen Cambre","article_publisher":"https:\/\/www.facebook.com\/Taijiquangalicia","article_modified_time":"2025-11-19T09:27:56+00:00","og_image":[{"width":500,"height":308,"url":"https:\/\/taichicambre.es\/wp-content\/uploads\/2025\/11\/Jose-Fernandez-Otero-2-2-e1730977929125.jpg","type":"image\/jpeg"}],"twitter_card":"summary_large_image","twitter_site":"@kuen_tsun1","twitter_misc":{"Tiempo de lectura":"1 minuto"},"schema":{"@context":"https:\/\/schema.org","@graph":[{"@type":"WebPage","@id":"https:\/\/taichicambre.es\/index.php\/quien-somos","url":"https:\/\/taichicambre.es\/index.php\/quien-somos","name":"Quien somos - Ma Tsun Kuen Cambre","isPartOf":{"@id":"https:\/\/taichicambre.es\/#website"},"primaryImageOfPage":{"@id":"https:\/\/taichicambre.es\/index.php\/quien-somos#primaryimage"},"image":{"@id":"https:\/\/taichicambre.es\/index.php\/quien-somos#primaryimage"},"thumbnailUrl":"https:\/\/taichicambre.es\/wp-content\/uploads\/2025\/11\/escuela-de-Cambre25-scaled-e1728254793140.jpg","datePublished":"2025-11-14T18:22:58+00:00","dateModified":"2025-11-19T09:27:56+00:00","description":"Fundada en Cambre en 2008, se dedica a la ense\u00f1anza del Tai Chi Chuan. Conoc\u00ed al Maestro Fernando Chedel en el a\u00f1o 2008.","breadcrumb":{"@id":"https:\/\/taichicambre.es\/index.php\/quien-somos#breadcrumb"},"inLanguage":"es","potentialAction":[{"@type":"ReadAction","target":["https:\/\/taichicambre.es\/index.php\/quien-somos"]}]},{"@type":"ImageObject","inLanguage":"es","@id":"https:\/\/taichicambre.es\/index.php\/quien-somos#primaryimage","url":"https:\/\/taichicambre.es\/wp-content\/uploads\/2025\/11\/escuela-de-Cambre25-scaled-e1728254793140.jpg","contentUrl":"https:\/\/taichicambre.es\/wp-content\/uploads\/2025\/11\/escuela-de-Cambre25-scaled-e1728254793140.jpg","width":2560,"height":960},{"@type":"BreadcrumbList","@id":"https:\/\/taichicambre.es\/index.php\/quien-somos#breadcrumb","itemListElement":[{"@type":"ListItem","position":1,"name":"Portada","item":"https:\/\/taichicambre.es\/"},{"@type":"ListItem","position":2,"name":"Quien somos"}]},{"@type":"WebSite","@id":"https:\/\/taichicambre.es\/#website","url":"https:\/\/taichicambre.es\/","name":"Ma Tsun Kuen Cambre","description":"Centro de artes marciales y actividades saludables","publisher":{"@id":"https:\/\/taichicambre.es\/#organization"},"potentialAction":[{"@type":"SearchAction","target":{"@type":"EntryPoint","urlTemplate":"https:\/\/taichicambre.es\/?s={search_term_string}"},"query-input":{"@type":"PropertyValueSpecification","valueRequired":true,"valueName":"search_term_string"}}],"inLanguage":"es"},{"@type":"Organization","@id":"https:\/\/taichicambre.es\/#organization","name":"Ma Tsun Kuen Cambre","url":"https:\/\/taichicambre.es\/","logo":{"@type":"ImageObject","inLanguage":"es","@id":"https:\/\/taichicambre.es\/#\/schema\/logo\/image\/","url":"https:\/\/taichicambre.es\/wp-content\/uploads\/2025\/11\/cropped-negrologo.png","contentUrl":"https:\/\/taichicambre.es\/wp-content\/uploads\/2025\/11\/cropped-negrologo.png","width":87,"height":86,"caption":"Ma Tsun Kuen Cambre"},"image":{"@id":"https:\/\/taichicambre.es\/#\/schema\/logo\/image\/"},"sameAs":["https:\/\/www.facebook.com\/Taijiquangalicia","https:\/\/x.com\/kuen_tsun1","https:\/\/www.instagram.com\/jfernandezotero\/?fbclid=IwY2xjawOKWkNleHRuA2FlbQIxMQBicmlkETA4RGpHakpGemZsVWNNTGw1c3J0YwZhcHBfaWQBMAABHk-OeA5mILlVHDBvN6Rirli8xpKJat1hAXjVUyd-vseltnbZfLgNC_4YqkTD_aem_WZtVD_hHFRUBURN9oC6hHw"]},{"@context":"https:\/\/schema.org\/","@type":"Organization","name":"Quien somos","description":"","image":{"@type":"ImageObject","url":"https:\/\/taichicambre.es\/wp-content\/uploads\/2025\/11\/escuela-de-Cambre25-scaled-e1728254793140.jpg","width":2560,"height":960},"aggregateRating":false}]}},"yasr_visitor_votes":{"stars_attributes":{"read_only":false,"span_bottom":false},"number_of_votes":0,"sum_votes":0},"uagb_featured_image_src":{"full":["https:\/\/taichicambre.es\/wp-content\/uploads\/2025\/11\/escuela-de-Cambre25-scaled-e1728254793140.jpg",2560,960,false],"thumbnail":["https:\/\/taichicambre.es\/wp-content\/uploads\/2025\/11\/escuela-de-Cambre25-scaled-e1728254793140-150x150.jpg",150,150,true],"medium":["https:\/\/taichicambre.es\/wp-content\/uploads\/2025\/11\/escuela-de-Cambre25-scaled-e1728254793140-300x113.jpg",300,113,true],"medium_large":["https:\/\/taichicambre.es\/wp-content\/uploads\/2025\/11\/escuela-de-Cambre25-scaled-e1728254793140-768x288.jpg",640,240,true],"large":["https:\/\/taichicambre.es\/wp-content\/uploads\/2025\/11\/escuela-de-Cambre25-scaled-e1728254793140-1024x384.jpg",640,240,true],"1536x1536":["https:\/\/taichicambre.es\/wp-content\/uploads\/2025\/11\/escuela-de-Cambre25-scaled-e1728254793140-1536x576.jpg",1536,576,true],"2048x2048":["https:\/\/taichicambre.es\/wp-content\/uploads\/2025\/11\/escuela-de-Cambre25-scaled-e1728254793140-2048x768.jpg",2048,768,true]},"uagb_author_info":{"display_name":"taichicambre","author_link":"https:\/\/taichicambre.es\/index.php\/archivos\/author\/taichicambre"},"uagb_comment_info":0,"uagb_excerpt":"Soy Jos\u00e9 Fern\u00e1ndez Otero, director de la Escola Tsun Kuen de Cambre Profesor con m\u00e1s de 30 a\u00f1os de experiencia en Tai Chi Chuan Nuestra [&hellip;]","_links":{"self":[{"href":"https:\/\/taichicambre.es\/index.php\/wp-json\/wp\/v2\/pages\/225","targetHints":{"allow":["GET"]}}],"collection":[{"href":"https:\/\/taichicambre.es\/index.php\/wp-json\/wp\/v2\/pages"}],"about":[{"href":"https:\/\/taichicambre.es\/index.php\/wp-json\/wp\/v2\/types\/page"}],"author":[{"embeddable":true,"href":"https:\/\/taichicambre.es\/index.php\/wp-json\/wp\/v2\/users\/1"}],"replies":[{"embeddable":true,"href":"https:\/\/taichicambre.es\/index.php\/wp-json\/wp\/v2\/comments?post=225"}],"version-history":[{"count":0,"href":"https:\/\/taichicambre.es\/index.php\/wp-json\/wp\/v2\/pages\/225\/revisions"}],"wp:featuredmedia":[{"embeddable":true,"href":"https:\/\/taichicambre.es\/index.php\/wp-json\/wp\/v2\/media\/425"}],"wp:attachment":[{"href":"https:\/\/taichicambre.es\/index.php\/wp-json\/wp\/v2\/media?parent=225"}],"curies":[{"name":"wp","href":"https:\/\/api.w.org\/{rel}","templated":true}]}}