{"id":199,"date":"2025-11-14T17:27:08","date_gmt":"2025-11-14T17:27:08","guid":{"rendered":"https:\/\/taichicambre.es\/?page_id=199"},"modified":"2025-11-14T17:27:08","modified_gmt":"2025-11-14T17:27:08","slug":"fechas-provisionales-talleres-taichi-2026","status":"publish","type":"page","link":"https:\/\/taichicambre.es\/index.php\/fechas-provisionales-talleres-taichi-2026","title":{"rendered":"Fechas provisionales talleres Taichi 2026"},"content":{"rendered":"\n<p class=\"has-black-color has-text-color has-link-color wp-elements-987832c06d5ac63694c05d433369b544 wp-block-paragraph\">\u2022 Taller de Taich\u00ed (Marzo Provisional \u2013 Domingo con Almuerzo)domingo, 29 mar 2026 \u2022 11:00 \u2013 14:00 Fecha provisional (domingo) y con almuerzo, pendiente de confirmaci\u00f3n. Duraci\u00f3n de 3 horas.<\/p>\n\n\n\n<p class=\"has-black-color has-text-color has-link-color wp-elements-c8f64fbecd906bcc8dd98656bba072c7 wp-block-paragraph\">Celebraci\u00f3n del D\u00eda Mundial del Taich\u00ed (Provisional &#8211; Domingo)domingo, 26 abr 2026 La fecha oficial es el lunes 27 de abril, pero se ha trasladado al domingo 26 de abril para el evento.<\/p>\n\n\n\n<p class=\"has-black-color has-text-color has-link-color wp-elements-1f3094b7d9d36ad6121f00f6ecb698c7 wp-block-paragraph\">\u2022 Retiro de Taich\u00ed (Junio Provisional &#8211; Fin de Semana)12 jun 2026 \u2013 14 jun 2026 Fechas provisionales (viernes a domingo), pendientes de confirmaci\u00f3n. Duraci\u00f3n de 3 d\u00edas.<\/p>\n\n\n\n<p class=\"has-black-color has-text-color has-link-color wp-elements-e4e3dd85b644bbd5c11dfafa27c04a7b wp-block-paragraph\">\u2022 Taller de Taich\u00ed (Nov\/Dic Provisional \u2013 Domingo con Almuerzo)domingo, 28 nov 2026 \u2022 11:00 \u2013 14:00 Fecha provisional (domingo) y con almuerzo, pendiente de confirmaci\u00f3n (puede ser en Diciembre). Duraci\u00f3n de 3 horas.<\/p>\n","protected":false},"excerpt":{"rendered":"<p>\u2022 Taller de Taich\u00ed (Marzo Provisional \u2013 Domingo con Almuerzo)domingo, 29 mar 2026 \u2022 11:00 \u2013 14:00 Fecha provisional (domingo) y con almuerzo, pendiente de [&hellip;]<\/p>\n","protected":false},"author":1,"featured_media":0,"parent":0,"menu_order":0,"comment_status":"closed","ping_status":"closed","template":"","meta":{"_coblocks_attr":"","_coblocks_dimensions":"","_coblocks_responsive_height":"","_coblocks_accordion_ie_support":"","_crdt_document":"","_uag_custom_page_level_css":"","_monsterinsights_skip_tracking":false,"_monsterinsights_sitenote_active":false,"_monsterinsights_sitenote_note":"","_monsterinsights_sitenote_category":0,"_EventAllDay":false,"_EventTimezone":"","_EventStartDate":"","_EventEndDate":"","_EventStartDateUTC":"","_EventEndDateUTC":"","_EventShowMap":false,"_EventShowMapLink":false,"_EventURL":"","_EventCost":"","_EventCostDescription":"","_EventCurrencySymbol":"","_EventCurrencyCode":"","_EventCurrencyPosition":"","_EventDateTimeSeparator":"","_EventTimeRangeSeparator":"","_EventOrganizerID":[],"_EventVenueID":[],"_OrganizerEmail":"","_OrganizerPhone":"","_OrganizerWebsite":"","_VenueAddress":"","_VenueCity":"","_VenueCountry":"","_VenueProvince":"","_VenueState":"","_VenueZip":"","_VenuePhone":"","_VenueURL":"","_VenueStateProvince":"","_VenueLat":"","_VenueLng":"","_VenueShowMap":false,"_VenueShowMapLink":false,"yasr_overall_rating":0,"yasr_post_is_review":"","yasr_auto_insert_disabled":"","yasr_review_type":"","footnotes":""},"class_list":["post-199","page","type-page","status-publish","hentry"],"yoast_head":"<!-- This site is optimized with the Yoast SEO plugin v27.4 - https:\/\/yoast.com\/product\/yoast-seo-wordpress\/ -->\r\n<title>Fechas provisionales talleres Taichi 2026 - Ma Tsun Kuen Cambre<\/title>\r\n<meta name=\"robots\" content=\"index, follow, max-snippet:-1, max-image-preview:large, max-video-preview:-1\" \/>\r\n<link rel=\"canonical\" href=\"https:\/\/taichicambre.es\/index.php\/fechas-provisionales-talleres-taichi-2026\" \/>\r\n<meta property=\"og:locale\" content=\"es_ES\" \/>\r\n<meta property=\"og:type\" content=\"article\" \/>\r\n<meta property=\"og:title\" content=\"Fechas provisionales talleres Taichi 2026 - Ma Tsun Kuen Cambre\" \/>\r\n<meta property=\"og:description\" content=\"\u2022 Taller de Taich\u00ed (Marzo Provisional \u2013 Domingo con Almuerzo)domingo, 29 mar 2026 \u2022 11:00 \u2013 14:00 Fecha provisional (domingo) y con almuerzo, pendiente de [&hellip;]\" \/>\r\n<meta property=\"og:url\" content=\"https:\/\/taichicambre.es\/index.php\/fechas-provisionales-talleres-taichi-2026\" \/>\r\n<meta property=\"og:site_name\" content=\"Ma Tsun Kuen Cambre\" \/>\r\n<meta property=\"article:publisher\" content=\"https:\/\/www.facebook.com\/Taijiquangalicia\" \/>\r\n<meta name=\"twitter:card\" content=\"summary_large_image\" \/>\r\n<meta name=\"twitter:site\" content=\"@kuen_tsun1\" \/>\r\n<meta name=\"twitter:label1\" content=\"Tiempo de lectura\" \/>\n\t<meta name=\"twitter:data1\" content=\"1 minuto\" \/>\r\n<script type=\"application\/ld+json\" class=\"yoast-schema-graph\">{\"@context\":\"https:\\\/\\\/schema.org\",\"@graph\":[{\"@type\":\"WebPage\",\"@id\":\"https:\\\/\\\/taichicambre.es\\\/index.php\\\/fechas-provisionales-talleres-taichi-2026\",\"url\":\"https:\\\/\\\/taichicambre.es\\\/index.php\\\/fechas-provisionales-talleres-taichi-2026\",\"name\":\"Fechas provisionales talleres Taichi 2026 - Ma Tsun Kuen Cambre\",\"isPartOf\":{\"@id\":\"https:\\\/\\\/taichicambre.es\\\/#website\"},\"datePublished\":\"2025-11-14T17:27:08+00:00\",\"breadcrumb\":{\"@id\":\"https:\\\/\\\/taichicambre.es\\\/index.php\\\/fechas-provisionales-talleres-taichi-2026#breadcrumb\"},\"inLanguage\":\"es\",\"potentialAction\":[{\"@type\":\"ReadAction\",\"target\":[\"https:\\\/\\\/taichicambre.es\\\/index.php\\\/fechas-provisionales-talleres-taichi-2026\"]}]},{\"@type\":\"BreadcrumbList\",\"@id\":\"https:\\\/\\\/taichicambre.es\\\/index.php\\\/fechas-provisionales-talleres-taichi-2026#breadcrumb\",\"itemListElement\":[{\"@type\":\"ListItem\",\"position\":1,\"name\":\"Portada\",\"item\":\"https:\\\/\\\/taichicambre.es\\\/\"},{\"@type\":\"ListItem\",\"position\":2,\"name\":\"Fechas provisionales talleres Taichi 2026\"}]},{\"@type\":\"WebSite\",\"@id\":\"https:\\\/\\\/taichicambre.es\\\/#website\",\"url\":\"https:\\\/\\\/taichicambre.es\\\/\",\"name\":\"Ma Tsun Kuen Cambre\",\"description\":\"Centro de artes marciales y actividades saludables\",\"publisher\":{\"@id\":\"https:\\\/\\\/taichicambre.es\\\/#organization\"},\"potentialAction\":[{\"@type\":\"SearchAction\",\"target\":{\"@type\":\"EntryPoint\",\"urlTemplate\":\"https:\\\/\\\/taichicambre.es\\\/?s={search_term_string}\"},\"query-input\":{\"@type\":\"PropertyValueSpecification\",\"valueRequired\":true,\"valueName\":\"search_term_string\"}}],\"inLanguage\":\"es\"},{\"@type\":\"Organization\",\"@id\":\"https:\\\/\\\/taichicambre.es\\\/#organization\",\"name\":\"Ma Tsun Kuen Cambre\",\"url\":\"https:\\\/\\\/taichicambre.es\\\/\",\"logo\":{\"@type\":\"ImageObject\",\"inLanguage\":\"es\",\"@id\":\"https:\\\/\\\/taichicambre.es\\\/#\\\/schema\\\/logo\\\/image\\\/\",\"url\":\"https:\\\/\\\/taichicambre.es\\\/wp-content\\\/uploads\\\/2025\\\/11\\\/cropped-negrologo.png\",\"contentUrl\":\"https:\\\/\\\/taichicambre.es\\\/wp-content\\\/uploads\\\/2025\\\/11\\\/cropped-negrologo.png\",\"width\":87,\"height\":86,\"caption\":\"Ma Tsun Kuen Cambre\"},\"image\":{\"@id\":\"https:\\\/\\\/taichicambre.es\\\/#\\\/schema\\\/logo\\\/image\\\/\"},\"sameAs\":[\"https:\\\/\\\/www.facebook.com\\\/Taijiquangalicia\",\"https:\\\/\\\/x.com\\\/kuen_tsun1\",\"https:\\\/\\\/www.instagram.com\\\/jfernandezotero\\\/?fbclid=IwY2xjawOKWkNleHRuA2FlbQIxMQBicmlkETA4RGpHakpGemZsVWNNTGw1c3J0YwZhcHBfaWQBMAABHk-OeA5mILlVHDBvN6Rirli8xpKJat1hAXjVUyd-vseltnbZfLgNC_4YqkTD_aem_WZtVD_hHFRUBURN9oC6hHw\"]},false]}<\/script>\r\n<!-- \/ Yoast SEO plugin. -->","yoast_head_json":{"title":"Fechas provisionales talleres Taichi 2026 - Ma Tsun Kuen Cambre","robots":{"index":"index","follow":"follow","max-snippet":"max-snippet:-1","max-image-preview":"max-image-preview:large","max-video-preview":"max-video-preview:-1"},"canonical":"https:\/\/taichicambre.es\/index.php\/fechas-provisionales-talleres-taichi-2026","og_locale":"es_ES","og_type":"article","og_title":"Fechas provisionales talleres Taichi 2026 - Ma Tsun Kuen Cambre","og_description":"\u2022 Taller de Taich\u00ed (Marzo Provisional \u2013 Domingo con Almuerzo)domingo, 29 mar 2026 \u2022 11:00 \u2013 14:00 Fecha provisional (domingo) y con almuerzo, pendiente de [&hellip;]","og_url":"https:\/\/taichicambre.es\/index.php\/fechas-provisionales-talleres-taichi-2026","og_site_name":"Ma Tsun Kuen Cambre","article_publisher":"https:\/\/www.facebook.com\/Taijiquangalicia","twitter_card":"summary_large_image","twitter_site":"@kuen_tsun1","twitter_misc":{"Tiempo de lectura":"1 minuto"},"schema":{"@context":"https:\/\/schema.org","@graph":[{"@type":"WebPage","@id":"https:\/\/taichicambre.es\/index.php\/fechas-provisionales-talleres-taichi-2026","url":"https:\/\/taichicambre.es\/index.php\/fechas-provisionales-talleres-taichi-2026","name":"Fechas provisionales talleres Taichi 2026 - Ma Tsun Kuen Cambre","isPartOf":{"@id":"https:\/\/taichicambre.es\/#website"},"datePublished":"2025-11-14T17:27:08+00:00","breadcrumb":{"@id":"https:\/\/taichicambre.es\/index.php\/fechas-provisionales-talleres-taichi-2026#breadcrumb"},"inLanguage":"es","potentialAction":[{"@type":"ReadAction","target":["https:\/\/taichicambre.es\/index.php\/fechas-provisionales-talleres-taichi-2026"]}]},{"@type":"BreadcrumbList","@id":"https:\/\/taichicambre.es\/index.php\/fechas-provisionales-talleres-taichi-2026#breadcrumb","itemListElement":[{"@type":"ListItem","position":1,"name":"Portada","item":"https:\/\/taichicambre.es\/"},{"@type":"ListItem","position":2,"name":"Fechas provisionales talleres Taichi 2026"}]},{"@type":"WebSite","@id":"https:\/\/taichicambre.es\/#website","url":"https:\/\/taichicambre.es\/","name":"Ma Tsun Kuen Cambre","description":"Centro de artes marciales y actividades saludables","publisher":{"@id":"https:\/\/taichicambre.es\/#organization"},"potentialAction":[{"@type":"SearchAction","target":{"@type":"EntryPoint","urlTemplate":"https:\/\/taichicambre.es\/?s={search_term_string}"},"query-input":{"@type":"PropertyValueSpecification","valueRequired":true,"valueName":"search_term_string"}}],"inLanguage":"es"},{"@type":"Organization","@id":"https:\/\/taichicambre.es\/#organization","name":"Ma Tsun Kuen Cambre","url":"https:\/\/taichicambre.es\/","logo":{"@type":"ImageObject","inLanguage":"es","@id":"https:\/\/taichicambre.es\/#\/schema\/logo\/image\/","url":"https:\/\/taichicambre.es\/wp-content\/uploads\/2025\/11\/cropped-negrologo.png","contentUrl":"https:\/\/taichicambre.es\/wp-content\/uploads\/2025\/11\/cropped-negrologo.png","width":87,"height":86,"caption":"Ma Tsun Kuen Cambre"},"image":{"@id":"https:\/\/taichicambre.es\/#\/schema\/logo\/image\/"},"sameAs":["https:\/\/www.facebook.com\/Taijiquangalicia","https:\/\/x.com\/kuen_tsun1","https:\/\/www.instagram.com\/jfernandezotero\/?fbclid=IwY2xjawOKWkNleHRuA2FlbQIxMQBicmlkETA4RGpHakpGemZsVWNNTGw1c3J0YwZhcHBfaWQBMAABHk-OeA5mILlVHDBvN6Rirli8xpKJat1hAXjVUyd-vseltnbZfLgNC_4YqkTD_aem_WZtVD_hHFRUBURN9oC6hHw"]},false]}},"yasr_visitor_votes":{"stars_attributes":{"read_only":false,"span_bottom":false},"number_of_votes":0,"sum_votes":0},"uagb_featured_image_src":{"full":false,"thumbnail":false,"medium":false,"medium_large":false,"large":false,"1536x1536":false,"2048x2048":false},"uagb_author_info":{"display_name":"taichicambre","author_link":"https:\/\/taichicambre.es\/index.php\/archivos\/author\/taichicambre"},"uagb_comment_info":0,"uagb_excerpt":"\u2022 Taller de Taich\u00ed (Marzo Provisional \u2013 Domingo con Almuerzo)domingo, 29 mar 2026 \u2022 11:00 \u2013 14:00 Fecha provisional (domingo) y con almuerzo, pendiente de [&hellip;]","_links":{"self":[{"href":"https:\/\/taichicambre.es\/index.php\/wp-json\/wp\/v2\/pages\/199","targetHints":{"allow":["GET"]}}],"collection":[{"href":"https:\/\/taichicambre.es\/index.php\/wp-json\/wp\/v2\/pages"}],"about":[{"href":"https:\/\/taichicambre.es\/index.php\/wp-json\/wp\/v2\/types\/page"}],"author":[{"embeddable":true,"href":"https:\/\/taichicambre.es\/index.php\/wp-json\/wp\/v2\/users\/1"}],"replies":[{"embeddable":true,"href":"https:\/\/taichicambre.es\/index.php\/wp-json\/wp\/v2\/comments?post=199"}],"version-history":[{"count":0,"href":"https:\/\/taichicambre.es\/index.php\/wp-json\/wp\/v2\/pages\/199\/revisions"}],"wp:attachment":[{"href":"https:\/\/taichicambre.es\/index.php\/wp-json\/wp\/v2\/media?parent=199"}],"curies":[{"name":"wp","href":"https:\/\/api.w.org\/{rel}","templated":true}]}}